{"id":14520,"date":"2022-07-01T13:17:49","date_gmt":"2022-07-01T11:17:49","guid":{"rendered":"https:\/\/gaia-x.eu\/summit-2022\/?page_id=14520"},"modified":"2025-11-05T16:07:33","modified_gmt":"2025-11-05T15:07:33","slug":"venue","status":"publish","type":"page","link":"https:\/\/gaia-x.eu\/summit-2025\/venue\/","title":{"rendered":"Venue"},"content":{"rendered":"<p>[vc_row enable_overlay=&#8221;yes&#8221; responsive_css=&#8221;padding_top_medium:100px|padding_bottom_medium:150px|padding_top_small:160px&#8221; css=&#8221;.vc_custom_1752062106660{padding-top: 70px !important;padding-bottom: 150px !important;background: #efefef url(https:\/\/gaia-x.eu\/summit-2025\/wp-content\/uploads\/2025\/07\/Summit-2025_Website-background-2_Summit-Design-Proposal-1.jpg?id=17481) !important;background-position: center !important;background-repeat: no-repeat !important;background-size: cover !important;}&#8221;][vc_column column_content_align=&#8221;justify-content-start&#8221; width=&#8221;1\/2&#8243; enable_content_animation=&#8221;yes&#8221; ca_init_scale_x=&#8221;1&#8243; ca_init_scale_y=&#8221;1&#8243; ca_init_opacity=&#8221;0&#8243; ca_an_scale_x=&#8221;1&#8243; ca_an_scale_y=&#8221;1&#8243; ca_an_opacity=&#8221;1&#8243; align=&#8221;text-center&#8221; offset=&#8221;vc_col-md-offset-1 vc_col-md-10&#8243; ca_init_translate_y=&#8221;-20&#8243; ca_init_rotate_y=&#8221;-46&#8243; ca_duration=&#8221;2200&#8243; ca_delay=&#8221;140&#8243; responsive_align=&#8221;text-center&#8221;][vc_row_inner][vc_column_inner width=&#8221;1\/2&#8243;]<style>.ld_fancy_heading_69ef844c32f71 h1{color:rgb(253, 253, 253);}.ld_fancy_heading_69ef844c32f71 h1 {font-size:13.5vw; } @media (min-width: 768px) { .ld_fancy_heading_69ef844c32f71 h1 {font-size:68px; }  } @media (min-width: 992px) { .ld_fancy_heading_69ef844c32f71 h1 {font-size:81px; }  } .ld_fancy_heading_69ef844c32f71 h1 {margin-bottom:0px !important;  } .ld_fancy_heading_69ef844c32f71 .lqd-highlight-inner{height:0.275em!important;bottom:0px!important;}.ld_fancy_heading_69ef844c32f71 h1 {font-size:13.5vw; } @media (min-width: 768px) { .ld_fancy_heading_69ef844c32f71 h1 {font-size:68px; }  } @media (min-width: 992px) { .ld_fancy_heading_69ef844c32f71 h1 {font-size:81px; }  } .ld_fancy_heading_69ef844c32f71 h1 {margin-bottom:0px !important;  } <\/style><div class=\"ld-fancy-heading ld_fancy_heading_69ef844c32f71\">\n\t<h1 class=\"ld-fh-element lqd-highlight-underline lqd-highlight-grow-left text-decoration-default\"   >  <strong><span class=\"ui-provider ee bgg bgh bgi bgj bgk bgl bgm bgn bgo bgp bgq bgr bgs bgt bgu bgv bgw bgx bgy bgz bha bhb bhc bhd bhe bhf bhg bhh bhi bhj bhk bhl bhm bhn\" dir=\"ltr\">Alfandega Congress Center<\/span><\/strong><\/h1><\/div><style>.ld_fancy_heading_69ef844c33756 h2{color:rgb(253, 253, 253);}.ld_fancy_heading_69ef844c33756 h2 {font-size:8.5vw; } @media (min-width: 768px) { .ld_fancy_heading_69ef844c33756 h2 {font-size:38px; }  } @media (min-width: 992px) { .ld_fancy_heading_69ef844c33756 h2 {font-size:41px; }  } .ld_fancy_heading_69ef844c33756 h2 {margin-top:5px !important; margin-bottom:0.35em !important;  } .ld_fancy_heading_69ef844c33756 .lqd-highlight-inner{height:0.275em!important;bottom:0px!important;}.ld_fancy_heading_69ef844c33756 h2 {font-size:8.5vw; } @media (min-width: 768px) { .ld_fancy_heading_69ef844c33756 h2 {font-size:38px; }  } @media (min-width: 992px) { .ld_fancy_heading_69ef844c33756 h2 {font-size:41px; }  } .ld_fancy_heading_69ef844c33756 h2 {margin-top:5px !important; margin-bottom:0.35em !important;  } <\/style><div class=\"ld-fancy-heading ld_fancy_heading_69ef844c33756\">\n\t<h2 class=\"ld-fh-element lqd-highlight-underline lqd-highlight-grow-left text-decoration-default\"   >  Porto, Portugal<\/h2><\/div>[\/vc_column_inner][vc_column_inner width=&#8221;1\/2&#8243;][\/vc_column_inner][\/vc_row_inner]<style>.ld_spacer_69ef844c339eb{height:32px;}<\/style>\n<div class=\"ld-empty-space ld_spacer_69ef844c339eb\"><\/div><style>.ld_particles_69ef844c33aa2{height:50vh!important;position:absolute;}.ld_particles_69ef844c33aa2 {right:0px !important; bottom:0px !important;  } <\/style><div class=\"ld-particles-container lqd-particles-as-bg ld_particles_69ef844c33aa2\">\n\n\t<div class=\"ld-particles-inner\" id=\"lqd-1579874781983-fb436513-72aa\" data-particles=\"true\" data-particles-options='{\"particles\":{\"number\":{\"value\":60,\"density\":1},\"color\":{\"value\":\"#ffffff\"},\"shape\":{\"type\":[\"triangle\"],\"stroke\":{\"width\":1,\"color\":\"#ffffff\"}},\"opacity\":{\"value\":0.1},\"size\":{\"value\":1},\"line_linked\":{\"enable\":true,\"opacity\":0.1,\"distance\":200,\"color\":\"#ffffff\",\"width\":2},\"move\":{\"enable\":true,\"direction\":\"right\",\"speed\":1,\"random\":true,\"out_mode\":\"out\",\"bounce\":true,\"attract\":{\"enable\":true}}},\"interactivity\":{\"detect_on\":\"canvas\",\"events\":{\"onhover\":{\"enable\":true,\"mode\":[\"bubble\"]},\"resize\":true},\"modes\":{\"bubble\":{\"distance\":100,\"size\":10,\"duration\":1.5},\"repulse\":{\"distance\":200,\"duration\":1.5},\"push\":{\"particles_nb\":4}}},\"retina_detect\":true,\"asBG\":true}'><\/div>\t\n\n<\/div><!-- \/.particles -->[vc_row_inner][vc_column_inner width=&#8221;1\/2&#8243;]<style>.ld_fancy_heading_69ef844c33e1b p{color:rgb(255, 255, 255);}.ld_fancy_heading_69ef844c33e1b p {font-size:3.5vw; } @media (min-width: 768px) { .ld_fancy_heading_69ef844c33e1b p {font-size:18px; }  } @media (min-width: 992px) { .ld_fancy_heading_69ef844c33e1b p {font-size:19px; }  } .ld_fancy_heading_69ef844c33e1b p {font-weight:500; } .ld_fancy_heading_69ef844c33e1b p {margin-bottom:0.35em !important;  } .ld_fancy_heading_69ef844c33e1b .lqd-highlight-inner{height:0.275em!important;bottom:0px!important;}.ld_fancy_heading_69ef844c33e1b p {font-size:3.5vw; } @media (min-width: 768px) { .ld_fancy_heading_69ef844c33e1b p {font-size:18px; }  } @media (min-width: 992px) { .ld_fancy_heading_69ef844c33e1b p {font-size:19px; }  } .ld_fancy_heading_69ef844c33e1b p {font-weight:500; } .ld_fancy_heading_69ef844c33e1b p {margin-bottom:0.35em !important;  } <\/style><div class=\"ld-fancy-heading ld_fancy_heading_69ef844c33e1b\">\n\t<p class=\"ld-fh-element lqd-highlight-underline lqd-highlight-grow-left text-decoration-default\"   >  The Porto Customshouse Congress Centre (Portuguese: Centro de Congressos da Alf\u00e2ndega) is a convention centre and former-customshouse situated in the civil parish in Cedofeita, Santo Ildefonso, S\u00e9, Miragaia, S\u00e3o Nicolau e Vit\u00f3ria, in the northern Portuguese municipality of Porto.<\/p><\/div>[\/vc_column_inner][vc_column_inner width=&#8221;1\/2&#8243;][\/vc_column_inner][\/vc_row_inner]<style>.ld_spacer_69ef844c34218{height:50px;}<\/style>\n<div class=\"ld-empty-space ld_spacer_69ef844c34218\"><\/div>[\/vc_column][vc_column width=&#8221;1\/2&#8243;][\/vc_column][\/vc_row][vc_row full_width=&#8221;stretch_row&#8221; gap=&#8221;0&#8243; css=&#8221;.vc_custom_1665626976777{padding-right: 15px !important;padding-bottom: 60px !important;padding-left: 15px !important;}&#8221; responsive_css=&#8221;padding_right_medium:0px|padding_left_medium:0px&#8221;][vc_column offset=&#8221;vc_col-md-offset-2 vc_col-md-8&#8243; css=&#8221;.vc_custom_1665626460498{margin-top: 15px !important;}&#8221;][vc_row_inner full_width=&#8221;&#8221; enable_content_animation=&#8221;yes&#8221; equal_height=&#8221;yes&#8221; content_placement=&#8221;middle&#8221; gap=&#8221;0&#8243; animation_preset=&#8221;Fade In Up&#8221; ca_duration=&#8221;1800&#8243; ca_delay=&#8221;400&#8243; ca_start_delay=&#8221;300&#8243;][vc_column_inner width=&#8221;1\/2&#8243; offset=&#8221;vc_col-md-6&#8243; el_class=&#8221;address-clmn&#8221; css=&#8221;.vc_custom_1665625661079{padding-right: 0px !important;padding-left: 0px !important;}&#8221;]<style>.ld_simple_heading_69ef844c34279 h2 {font-size:32px; } @media (min-width: 992px) { .ld_simple_heading_69ef844c34279 h2 {font-size:32px; }  } .ld_simple_heading_69ef844c34279 h2 {margin-bottom:0px !important; margin-left:32px !important;  } <\/style><div  class=\"lqd-simple-heading-wrap ld_simple_heading_69ef844c34279\">\n<h2 class=\"lqd-simple-heading\">\n\tAddress<\/h2>\n<\/div><style>.ld_fancy_heading_69ef844c34395 h6{color:rgb(0, 0, 0);}.ld_fancy_heading_69ef844c34395 h6 {margin-bottom:1em !important; margin-left:32px !important;  } .ld_fancy_heading_69ef844c34395 .lqd-highlight-inner{height:0.275em!important;bottom:0px!important;}.ld_fancy_heading_69ef844c34395 h6 {margin-bottom:1em !important; margin-left:32px !important;  } <\/style><div class=\"ld-fancy-heading ld_fancy_heading_69ef844c34395\">\n\t<h6 class=\"ld-fh-element lqd-highlight-underline lqd-highlight-grow-left text-decoration-default\"   >  EDIF\u00cdCIO DA ALF\u00c2NDEGA, R. Nova da Alf\u00e2ndega, 4050-430 Porto, Portugal<\/h6><\/div><a href=\"https:\/\/maps.app.goo.gl\/C8HRnA6tubYtKxRX6\" target=\"_blank\" class=\"btn btn-default btn-hover-txt-switch btn-hover-txt-switch-y btn-xsm btn-bordered border-thick btn-icon-left btn-hover-swp btn-has-label ld_button_69ef844c347f3 vc_custom_1752070953658\" >\n\t<span>\n\t\n\t\t\t\t\t<span class=\"btn-txt\" data-text=\"Open in Google Maps\" data-split-text=\"true\"\n\t\t\t\t\t    data-split-options='{\"type\": \"chars, words\"}'>Open in Google Maps<\/span>\n\t\t\n\t<span class=\"btn-icon\"><i class=\"fas fa-angle-double-right\"><\/i><\/span>\t<span class=\"btn-icon\"><i class=\"fas fa-angle-double-right\"><\/i><\/span>\t\t\t<\/span>\n<\/a>\n<style>.ld_spacer_69ef844c34c50{height:32px;}<\/style>\n<div class=\"ld-empty-space ld_spacer_69ef844c34c50\"><\/div><style>.ld_google_map_69ef844c34cad .lqd-custom-map-marker, .lqd-custom-map-marker div{background-color:#000074;}<\/style><div class=\"ld-gmap-container ld_google_map_69ef844c34cad\" id=\"ld_google_map_69ef844c34cad\" style=\"height: 445px\">\n\n\t<div class=\"ld-gmap\" data-plugin-map=\"true\" data-plugin-options='{\"style\":\"lightMonochrome\",\"address\":\"EDIF\\u00cdCIO DA ALF\\u00c2NDEGA, R. Nova da Alf\\u00e2ndega, 4050-430 Porto, Portugal\",\"marker\":\"https:\\\/\\\/gaia-x.eu\\\/summit-2025\\\/wp-content\\\/plugins\\\/hub-core\\\/assets\\\/img\\\/markers\\\/map-pin.svg\",\"markers\":null,\"map\":{\"zoom\":14,\"mapTypeId\":\"roadmap\",\"fullscreenControl\":true},\"marker_style\":\"html\"}'><\/div>\n\n<\/div>[\/vc_column_inner][vc_column_inner width=&#8221;1\/2&#8243; offset=&#8221;vc_col-md-6 vc_hidden-xs&#8221; css=&#8221;.vc_custom_1665627387911{padding-right: 0px !important;padding-left: 15px !important;}&#8221;][vc_single_image image=&#8221;17504&#8243; el_class=&#8221;venue-decor-img&#8221; css=&#8221;.vc_custom_1752071249828{margin-bottom: 0px !important;}&#8221;]<style>.ld_spacer_69ef844c35078{height:15px;}<\/style>\n<div class=\"ld-empty-space ld_spacer_69ef844c35078\"><\/div>[vc_single_image image=&#8221;17505&#8243; el_class=&#8221;venue-decor-img&#8221; css=&#8221;.vc_custom_1752071271112{margin-bottom: 0px !important;}&#8221;][\/vc_column_inner][vc_column_inner column_top_onmobile=&#8221;yes&#8221; offset=&#8221;vc_hidden-lg vc_hidden-md vc_hidden-sm vc_col-xs-12&#8243;][vc_single_image image=&#8221;16394&#8243; el_class=&#8221;venue-decor-img&#8221; css=&#8221;.vc_custom_1698422101325{margin-bottom: 0px !important;}&#8221;]<style>.ld_spacer_69ef844c350c1{height:15px;}<\/style>\n<div class=\"ld-empty-space ld_spacer_69ef844c350c1\"><\/div>[vc_single_image image=&#8221;16401&#8243; el_class=&#8221;venue-decor-img&#8221; css=&#8221;.vc_custom_1698422117325{margin-bottom: 0px !important;}&#8221;][\/vc_column_inner][\/vc_row_inner]<style>.ld_spacer_69ef844c350fb{height:15px;}<\/style>\n<div class=\"ld-empty-space ld_spacer_69ef844c350fb\"><\/div>[\/vc_column][\/vc_row][vc_row][vc_column]<style>.ld_spacer_69ef844c35131{height:15px;}<\/style>\n<div class=\"ld-empty-space ld_spacer_69ef844c35131\"><\/div>[vc_single_image image=&#8221;18036&#8243;][\/vc_column][\/vc_row][vc_row][vc_column]<style>.ld_spacer_69ef844c35168{height:100px;}<\/style>\n<div class=\"ld-empty-space ld_spacer_69ef844c35168\"><\/div>[\/vc_column][\/vc_row]<\/p>\n","protected":false},"excerpt":{"rendered":"<p>[vc_row enable_overlay=&#8221;yes&#8221; responsive_css=&#8221;padding_top_medium:100px|padding_bottom_medium:150px|padding_top_small:160px&#8221; css=&#8221;.vc_custom_1752062106660{padding-top: 70px !important;padding-bottom: 150px !important;background: #efefef url(https:\/\/gaia-x.eu\/summit-2025\/wp-content\/uploads\/2025\/07\/Summit-2025_Website-background-2_Summit-Design-Proposal-1.jpg?id=17481) !important;background-position: center !important;background-repeat: no-repeat !important;background-size: cover !important;}&#8221;][vc_column column_content_align=&#8221;justify-content-start&#8221; width=&#8221;1\/2&#8243; enable_content_animation=&#8221;yes&#8221; ca_init_scale_x=&#8221;1&#8243; ca_init_scale_y=&#8221;1&#8243; ca_init_opacity=&#8221;0&#8243; ca_an_scale_x=&#8221;1&#8243; ca_an_scale_y=&#8221;1&#8243; ca_an_opacity=&#8221;1&#8243; align=&#8221;text-center&#8221; offset=&#8221;vc_col-md-offset-1 vc_col-md-10&#8243; ca_init_translate_y=&#8221;-20&#8243; ca_init_rotate_y=&#8221;-46&#8243; ca_duration=&#8221;2200&#8243; ca_delay=&#8221;140&#8243; responsive_align=&#8221;text-center&#8221;][vc_row_inner][vc_column_inner width=&#8221;1\/2&#8243;][\/vc_column_inner][vc_column_inner width=&#8221;1\/2&#8243;][\/vc_column_inner][\/vc_row_inner][vc_row_inner][vc_column_inner width=&#8221;1\/2&#8243;][\/vc_column_inner][vc_column_inner width=&#8221;1\/2&#8243;][\/vc_column_inner][\/vc_row_inner][\/vc_column][vc_column width=&#8221;1\/2&#8243;][\/vc_column][\/vc_row][vc_row full_width=&#8221;stretch_row&#8221; gap=&#8221;0&#8243; css=&#8221;.vc_custom_1665626976777{padding-right: 15px !important;padding-bottom: 60px !important;padding-left: 15px !important;}&#8221; responsive_css=&#8221;padding_right_medium:0px|padding_left_medium:0px&#8221;][vc_column offset=&#8221;vc_col-md-offset-2 vc_col-md-8&#8243; css=&#8221;.vc_custom_1665626460498{margin-top: 15px !important;}&#8221;][vc_row_inner full_width=&#8221;&#8221; [&hellip;]<\/p>\n","protected":false},"author":4,"featured_media":0,"parent":0,"menu_order":5,"comment_status":"closed","ping_status":"closed","template":"","meta":{"footnotes":"","_links_to":"","_links_to_target":""},"class_list":["post-14520","page","type-page","status-publish","hentry"],"_links":{"self":[{"href":"https:\/\/gaia-x.eu\/summit-2025\/wp-json\/wp\/v2\/pages\/14520","targetHints":{"allow":["GET"]}}],"collection":[{"href":"https:\/\/gaia-x.eu\/summit-2025\/wp-json\/wp\/v2\/pages"}],"about":[{"href":"https:\/\/gaia-x.eu\/summit-2025\/wp-json\/wp\/v2\/types\/page"}],"author":[{"embeddable":true,"href":"https:\/\/gaia-x.eu\/summit-2025\/wp-json\/wp\/v2\/users\/4"}],"replies":[{"embeddable":true,"href":"https:\/\/gaia-x.eu\/summit-2025\/wp-json\/wp\/v2\/comments?post=14520"}],"version-history":[{"count":20,"href":"https:\/\/gaia-x.eu\/summit-2025\/wp-json\/wp\/v2\/pages\/14520\/revisions"}],"predecessor-version":[{"id":18037,"href":"https:\/\/gaia-x.eu\/summit-2025\/wp-json\/wp\/v2\/pages\/14520\/revisions\/18037"}],"wp:attachment":[{"href":"https:\/\/gaia-x.eu\/summit-2025\/wp-json\/wp\/v2\/media?parent=14520"}],"curies":[{"name":"wp","href":"https:\/\/api.w.org\/{rel}","templated":true}]}}